- 2*k + 28 = -4*m. Suppose -3*s + k = -15. Calculate the highest common divisor of 45 and s.
9
Let g(m) = -m**2 + 204*m + 14. Let u be g(0). Let x(a) = 9*a**2 + a + 1. Let l be x(-2). What is the highest common factor of u and l?
7
Suppose -2*z + 51876 = 4*p, -3*p - 243*z + 38907 = -246*z. What is the greatest common factor of 99 and p?
99
Let a(d) = -d**3 + 5*d**2 + 5*d. Let w be a(6). Let t be (-1)/(-3) + (-4)/w. Suppose -838*u = -961*u + 492. Calculate the highest common divisor of u and t.
1
Suppose 34776 - 6396 = 110*y. Let v(j) = 5*j**3 + 2*j**2 - 2*j + 1. Let w be v(1). Calculate the greatest common factor of w and y.
6
Let n be (-59 - -56)*((-52)/(-6))/(-1). Calculate the highest common divisor of 2938 and n.
26
Let n = -1162 - -1260. Let x be 36/(-6) + (2 - -2). Let j be 72/6 - x/1. Calculate the greatest common divisor of n and j.
14
Let q be (-9)/(-6)*1870/15. Calculate the greatest common factor of 85 and q.
17
Suppose -505*v - 4745 = -510*v. Calculate the greatest common divisor of v and 146.
73
Let c be 3 + 1 - ((-3)/15 + (-719)/5). Calculate the highest common divisor of c and 44696.
148
Let c = 3560 + -1299. What is the greatest common divisor of c and 34?
17
Let f be 151 - ((-6)/(-12))/(2/(-4)). Suppose 0*g + g - 574 = -4*n, 4*g + f = n. Calculate the highest common divisor of n and 128.
16
Let k = -443 - -1122. Let b = 718 - k. Let g be (-4)/(-18) + (-25)/(-9). Calculate the greatest common factor of b and g.
3
Let h be -6 - (1/((-12)/(-9)))/(18/(-419976)). Calculate the greatest common factor of h and 238.
119
Let n(i) = 7*i**3 - 4*i**2 + 38*i - 2. Let w be n(5). Calculate the greatest common divisor of w and 107.
107
Suppose -78*g + 77*g = 2*f + 5, -4*f - 19 = -g. Suppose g*b - u - 4742 = 0, 4739 = 3*b + 99*u - 103*u. Calculate the greatest common divisor of b and 93.
93
Let z = -108 - -108. Suppose h = -4*m + 9, h - 2*m - 2*m - 33 = z. Let l be 4 + -2 - 290/(-2). Calculate the greatest common divisor of h and l.
21
Let g be 1/(11*(-14)/(-69454)). Calculate the greatest common factor of g and 205.
41
Let r = 4 + 5. Suppose -3189 = -3*p + 4*n, 4*n - 34 = -46. Let k = 1122 - p. Calculate the greatest common divisor of r and k.
9
Suppose -5*r - 5*w - 27 + 2 = 0, 2*r + 3*w + 9 = 0. Let i(y) = 3*y - 4*y + 15 + 2*y. Let t be i(r). Calculate the highest common factor of t and 6.
3
Suppose 140 = 3*s - 115. Suppose v = t + s, -2*v + t = -190 + 15. Calculate the highest common factor of v and 18.
18
Let h be ((-2)/(-1))/((-12)/3390*-5). Let c be (-27)/(-135) + h*3/5. Calculate the highest common factor of c and 51.
17
Suppose -2*x - 2 = -10. Let t = -79 + 82. Suppose -x*p + 163 = t. Calculate the highest common divisor of 100 and p.
20
Let m be (-3268)/12 - 2/3. Let p = m - -411. What is the highest common divisor of 184 and p?
46
Suppose -2*i - 4*a = 2, 0 = 4*i + i - a - 50. Let f = -202 - -760. Calculate the greatest common divisor of i and f.
9
Suppose 0 = -13*y + 3094 + 182. Calculate the highest common divisor of 270 and y.
18
Let s = 5476 + -3705. Calculate the greatest common divisor of 69 and s.
23
Let b(p) = 4*p**3 - 41*p**2 - 9*p + 17. Let t be b(12). Calculate the highest common divisor of 7 and t.
7
Let l be 2*-3*31/(-2). Let s(f) = -32*f + 382. Let t(a) = -8*a. Let i(g) = s(g) - 8*t(g). Let m be i(-10). What is the greatest common divisor of m and l?
31
Let t(z) = 2*z**3 + 23*z**2 + 41. Let w be t(-10). Calculate the greatest common divisor of 110 and w.
11
Suppose -5*w = -i + 53, 5*w - 13 = -2*i + 33. What is the highest common factor of 5907 and i?
33
Let s be 75*((-560)/(-21))/(-10). Let a = s - -1093. What is the highest common factor of a and 19?
19
Let m = 247 - 242. Suppose -m*t + 2720 = -o, -5*t + 5*o + 2314 + 406 = 0. Calculate the greatest common divisor of 17 and t.
17
Let t = -19674 + 20378. Calculate the greatest common divisor of 1728 and t.
64
Let u(x) = 924*x**2 + 22*x - 22. Let g be u(1). Calculate the highest common divisor of 252 and g.
84
Suppose -6*d + d + 4 = -r, 4 = -2*d - r. Suppose -73*o + 63*o + 2700 = d. Calculate the greatest common factor of o and 9.
9
Let l = 1234 - 1144. Let p be (-13 + 1)/(-4*5/270). What is the greatest common divisor of p and l?
18
Let j be 344/9 - (-4)/(-18). Suppose -38 = -5*d + z + j, z - 20 = -d. Let g be -11 + 13 - 1/(1/(-14)). What is the greatest common factor of d and g?
16
Let b = -1647 - -1783. Calculate the highest common factor of b and 24.
8
Let q(k) = k**3 - k**2 + 2*k + 1. Let i be q(2). Suppose -i*l + 897 = 276. Calculate the highest common divisor of l and 46.
23
Let r(c) = 2*c**2 - 35*c - 8. Let g be r(17). Let i be (4 - 108)/(-4 + (-90)/g). What is the greatest common factor of i and 65?
65
Let y = 23 - -21. Let g = 90228 - 90184. Calculate the greatest common divisor of g and y.
44
Suppose 339 = 15*y - 1131. Suppose -3*d - 262 = -0*a - 4*a, 0 = 2*d - 3*a + 173. Let s = y + d. Calculate the highest common divisor of s and 36.
4
Suppose -44*v + 23*v - 1422 = -39*v. Calculate the greatest common factor of 10349 and v.
79
Suppose 466*l - 210575 = 4240466 - 240731. What is the highest common divisor of l and 65?
65
Let y(f) = -f**2 + 12*f + 1. Let k be y(9). Let q(p) = -2*p + 40. Let i be q(21). Let o be 1/(i/(-14)) + 7. Calculate the greatest common factor of o and k.
14
Let k = 6 + 12. Let t(a) = a**3 - 18*a**2 - 2*a + 38. Let o be t(k). Suppose 4 = -2*c - 2*c, -5*w - o*c = -408. What is the highest common divisor of 123 and w?
41
Suppose 0 = -4*i + 3*w + 465, 3*i + 2*w - 340 = 6*w. Let u be (4/10)/((-6)/(-720)). What is the highest common divisor of i and u?
24
Suppose 4*a - 304 = 3*c - 4*c, -4*c = 4*a - 1228. Suppose s = 5*s - c. Suppose 0 = 80*t - 79*t - s. What is the highest common divisor of 7 and t?
7
Let m(w) = w**3 + 2*w**2 + 18*w + 2. Let v be m(-8). Let x = v + 550. Let h = -43 - -75. What is the highest common divisor of h and x?
8
Suppose -782*w - 92892 = -785*w + 4*m, 2*m + 61926 = 2*w. Calculate the greatest common divisor of 10 and w.
10
Let j be (200/(-12))/(1/(-3)). Let x be ((-110)/11*-9)/((-3)/(-15)). Calculate the greatest common divisor of x and j.
50
Let o be (6 + -2)*(6 - -1). Let v be 35/o*110*2. What is the highest common factor of 110 and v?
55
Let y be (1 - -1)*((-1610)/(-20) - 19). Calculate the greatest common factor of y and 9.
3
Suppose -5*k + 2550 = 5*b, -b + 786 = 5*k - 1744. Let c = k + -54. Calculate the greatest common factor of 41 and c.
41
Let z = -238 - -336. Let f = -244 - -54. Let g = f + 204. What is the greatest common factor of z and g?
14
Suppose 4*z - 1867 = 861. Suppose -2186 = -3*v - 2000. What is the greatest common factor of z and v?
62
Let x be (250/200)/((-2)/(-8) - 0) - 0. What is the highest common factor of x and 32?
1
Suppose 0 = -65*d - 257*d + 5*d + 27579. Calculate the greatest common divisor of d and 261.
87
Suppose 824*k + 54142 = 835*k. Calculate the highest common factor of k and 1070.
214
Let q = 265 + -209. Let x = -12 + 20. Suppose -2*u + 15 = 5*o - x, 0 = 4*u + 2*o - 54. Calculate the greatest common divisor of u and q.
14
Suppose -2*k + 2*j + 104 = 0, -2*j - 2*j = -8. Suppose -4*g + 5*m + 34 = 0, 0*g = 3*g - 3*m - 24. What is the highest common factor of g and k?
6
Suppose -2*b + 144 = 2*b. Let x(g) = -4*g**2 + 320*g + 2088. Let o be x(81). What is the greatest common factor of o and b?
36
Suppose i + 4*n - 5*n = 345, 5*n = 3*i - 1037. Let o = i + -340. Calculate the greatest common divisor of o and 5.
1
Let p be (24*(-438)/20)/(-15 - 745/(-50)). What is the highest common divisor of 27 and p?
9
Let n = 34 - 29. Let p = 1 + n. Let k = 21 - 6. Calculate the greatest common factor of p and k.
3
Let n = -51 + 45. Let p be (-223)/(-2) + (-9)/n - 5. Calculate the highest common divisor of 189 and p.
27
Suppose 0 = 4*n - 5*n + 11. Let m be (47/2)/(((-1632)/(-704))/51). Calculate the highest common factor of m and n.
11
Suppose 27*r - 4*l = 24*r + 138, 48 = r - 2*l. Calculate the highest common divisor of 4242 and r.
42
Let p(a) = a**2 + 5*a - 109. Let r be p(-14). Calculate the greatest common factor of 3043 and r.
17
Let s(v) be the second derivative of v**4/12 - 19*v**3/3 - 59*v**2 - 90*v. Let x be s(41). What is the highest common divisor of 85 and x?
5
Suppose -150 = -3*w - 9*x + 13*